t is the hundred thousands digit of 46105194?
1
What is the millions digit of 75154045?
5
What is the hundred millions digit of 1185823936?
1
What is the hundreds digit of 10999300?
3
What is the tens digit of 708515733?
3
What is the units digit of 720004630?
0
What is the billions digit of 3952398445?
3
What is the tens digit of 93120144?
4
What is the units digit of 76899008?
8
What is the hundred millions digit of 438098415?
4
What is the thousands digit of 189881716?
1
What is the hundred thousands digit of 51822180?
8
What is the millions digit of 911339976?
1
What is the hundred thousands digit of 1706340554?
3
What is the tens digit of 81343598?
9
What is the thousands digit of 247079818?
9
What is the ten millions digit of 110400398?
1
What is the hundred thousands digit of 58340992?
3
What is the hundred thousands digit of 38592814?
5
What is the thousands digit of 201615147?
5
What is the ten millions digit of 1291389383?
9
What is the hundred thousands digit of 2263841746?
8
What is the units digit of 96648937?
7
What is the millions digit of 3108247232?
8
What is the billions digit of 2365850487?
2
What is the hundred millions digit of 1931262015?
9
What is the tens digit of 25108261?
6
What is the units digit of 31274056?
6
What is the millions digit of 224397267?
4
What is the hundreds digit of 14626985?
9
What is the ten thousands digit of 1177100584?
0
What is the ten millions digit of 38973303?
3
What is the hundred millions digit of 906490939?
9
What is the units digit of 114804906?
6
What is the millions digit of 204836038?
4
What is the units digit of 6725775?
5
What is the ten thousands digit of 110100927?
0
What is the ten millions digit of 2276343232?
7
What is the hundred millions digit of 112514911?
1
What is the millions digit of 51557527?
1
What is the ten thousands digit of 280294238?
9
What is the tens digit of 13651366?
6
What is the units digit of 324472190?
0
What is the millions digit of 84955218?
4
What is the tens digit of 42686205?
0
What is the hundred thousands digit of 1337494258?
4
What is the ten millions digit of 351372032?
5
What is the hundreds digit of 90016293?
2
What is the thousands digit of 5912598573?
8
What is the thousands digit of 30235859?
5
What is the hundred millions digit of 1602720105?
6
What is the hundreds digit of 214131837?
8
What is the hundred thousands digit of 171059506?
0
What is the thousands digit of 41569572?
9
What is the thousands digit of 2297966957?
6
What is the tens digit of 1403297570?
7
What is the thousands digit of 100478356?
8
What is the tens digit of 34656164?
6
What is the units digit of 704824910?
0
What is the tens digit of 1737500946?
4
What is the thousands digit of 80928096?
8
What is the ten thousands digit of 43245198?
4
What is the ten millions digit of 105296624?
0
What is the hundreds digit of 2212717549?
5
What is the hundred thousands digit of 89532859?
5
What is the hundred millions digit of 6223621730?
2
What is the hundreds digit of 2072771156?
1
What is the ten thousands digit of 103257872?
5
What is the thousands digit of 207436490?
6
What is the thousands digit of 2354771410?
1
What is the hundred millions digit of 416851001?
4
What is the hundreds digit of 547297196?
1
What is the hundreds digit of 98930138?
1
What is the tens digit of 4968122?
2
What is the tens digit of 2220419399?
9
What is the hundred thousands digit of 1057172056?
1
What is the hundred thousands digit of 6920951930?
9
What is the hundred thousands digit of 27217930?
2
What is the ten millions digit of 104652682?
0
What is the thousands digit of 9994130?
4
What is the ten thousands digit of 1244449611?
4
What is the thousands digit of 1190778446?
8
What is the billions digit of 5733703803?
5
What is the tens digit of 190030616?
1
What is the ten millions digit of 40413805?
4
What is the units digit of 3877558604?
4
What is the ten thousands digit of 10619115?
1
What is the hundred thousands digit of 113749954?
7
What is the ten millions digit of 42065355?
4
What is the hundreds digit of 33474656?
6
What is the hundred millions digit of 529799563?
5
What is the millions digit of 194748101?
4
What is the ten thousands digit of 106152166?
5
What is the units digit of 481669191?
1
What is the ten millions digit of 430547635?
3
What is the hundreds digit of 7384103299?
2
What is the hundreds digit of 41141250?
2
What is the ten millions digit of 19424563?
1
What is the hundred millions digit of 186000022?
1
What is the ten millions digit of 24743332?
2
What is the units digit of 2736756155?
5
What is the thousands digit of 302799469?
9
What is the hundred millions digit of 138577591?
1
What is the hundreds digit of 30341662?
6
What is the tens digit of 61065213?
1
What is the hundreds digit of 1418036614?
6
What is the millions digit of 48071855?
8
What is the units digit of 377262525?
5
What is the ten thousands digit of 246099206?
9
What is the ten millions digit of 502119815?
0
What is the ten millions digit of 91915120?
9
What is the units digit of 702404139?
9
What is the tens digit of 2947071781?
8
What is the hundred thousands digit of 73707520?
7
What is the hundred millions digit of 4468802095?
4
What is the hundred thousands digit of 334347879?
3
What is the ten thousands digit of 58155737?
5
What is the millions digit of 1396007867?
6
What is the tens digit of 54245563?
6
What is the hundreds digit of 163737223?
2
What is the millions digit of 1269592416?
9
What is the hundred thousands digit of 365230923?
2
What is the ten millions digit of 1072910808?
7
What is the thousands digit of 17991057?
1
What is the ten millions digit of 395597328?
9
What is the tens digit of 41229099?
9
What is the tens digit of 16379782?
8
What is the thousands digit of 830129726?
9
What is the ten thousands digit of 577579500?
7
What is the thousands digit of 977512943?
2
What is the units digit of 535158187?
7
What is the units digit of 170082636?
6
What is the thousands digit of 28831197?
1
What is the hundred thousands digit of 167855617?
8
What is the hundred thousands digit of 2031264075?
2
What is the units digit of 13496577?
7
What is the millions digit of 377970522?
7
What is the hundred millions digit of 971151322?
9
What is the millions digit of 2765916294?
5
What is the thousands digit of 54823512?
3
What is the units digit of 83584803?
3
What is the tens digit of 141811708?
0
What is the hundreds digit of 56022652?
6
What is the hundred millions digit of 2871519714?
8
What is the tens digit of 140251702?
0
What is the ten millions digit of 336042147?
3
What is the hundreds digit of 59739025?
0
What is the hundred thousands digit of 69763655?
7
What is the ten thousands digit of 770482232?
8
What is the tens digit of 1484195262?
6
What is the units digit of 2130952734?
4
What is the ten millions digit of 1094453868?
9
What is the thousands digit of 779868431?
8
What is the tens digit of 2262789674?
7
What is the hundred millions digit of 321397478?
3
What is the hundred thousands digit of 88054200?
0
What is the thousands digit of 105529373?
9
What is the hundred thousands digit of 2171647387?
6
What is the tens digit of 49552315?
1
What is the hundreds digit of 128249653?
6
What is the tens digit of 665315524?
2
What is the thousands digit of 1779361641?
1
What is the hundred thousands digit of 147957258?
9
What is the ten thousands digit of 47217083?
1
What is the ten millions digit of 101390121?
0
What is the thousands digit of 209576492?
6
What is the millions digit of 89596293?
9
What is the hundreds digit of 113771364?
3
What is the ten millions digit of 24157116?
2
What is the hundred thousands digit of 275688695?
6
What is the hundred thousands digit of 2018365256?
3
What is the ten thousands digit of 3570564415?
6
What is the hundreds digit of 1869829187?
1
What is the thousands digit of 247957367?
7
What is the hundreds digit of 2317914482?
4
What is the thousands digit of 288714283?
4
What is the thousands digit of 1094932924?
2
What is the thousands digit of 184700856?
0
What is the millions digit of 4374710429?
4
What is the millions digit of 427567964?
7
What is the ten thousands digit of 74377229?
7
What is the units digit of 2809302178?
8
What is the te